se 15, what is 7 - -16?
1d
In base 2, what is 100110 + 10100110?
11001100
In base 3, what is 1020211 + 0?
1020211
In base 3, what is 1010122 - 1?
1010121
In base 10, what is 107 + 122?
229
In base 9, what is 0 + 6052?
6052
In base 16, what is -9 + -e9a?
-ea3
In base 14, what is -5 + -1675?
-167a
In base 6, what is 125 + 3?
132
In base 7, what is 1 - -445?
446
In base 16, what is fd + -3?
fa
In base 7, what is -1115 + 5?
-1110
In base 6, what is -342440 + -5?
-342445
In base 13, what is 1b + c?
2a
In base 12, what is -5 - b0?
-b5
In base 9, what is -2704 + -1?
-2705
In base 3, what is 200 - 221200?
-221000
In base 4, what is -21132 - 2?
-21200
In base 9, what is -4 + 33?
28
In base 8, what is 1 - -332?
333
In base 9, what is 56 + 66?
133
In base 16, what is 2 + -35?
-33
In base 15, what is -3 - 6?
-9
In base 15, what is 5 + -31b?
-316
In base 16, what is -13c + 3?
-139
In base 13, what is -3 + ac?
a9
In base 13, what is 5 + 245?
24a
In base 15, what is -8c2 - 7?
-8c9
In base 5, what is 12 + 32?
44
In base 2, what is -110111 + -11?
-111010
In base 6, what is -40 - -51?
11
In base 12, what is -16b4 + -7?
-16bb
In base 16, what is -4 - -2d6?
2d2
In base 3, what is -2012 + -121?
-2210
In base 8, what is 1405 + 5?
1412
In base 4, what is -111 + -33?
-210
In base 5, what is 11223 - -2?
11230
In base 10, what is 0 + -174?
-174
In base 13, what is 13541 - 0?
13541
In base 14, what is 128b - 2?
1289
In base 15, what is 807 + 1?
808
In base 12, what is -a6 + -13?
-b9
In base 7, what is 616 + 3?
622
In base 15, what is -11 - 303?
-314
In base 2, what is 1100101101 - -100?
1100110001
In base 13, what is -259 + 0?
-259
In base 10, what is -289 + -33?
-322
In base 12, what is -5 + -49?
-52
In base 14, what is -19a - 4?
-1a0
In base 4, what is -11 - -310113?
310102
In base 15, what is -5 - -41?
3b
In base 9, what is -31 + 3?
-27
In base 14, what is 10b - -4?
111
In base 2, what is 101 - -111000011101?
111000100010
In base 5, what is 4342 + 14?
4411
In base 13, what is -610 - -3?
-60a
In base 15, what is -76 - -5?
-71
In base 9, what is -447 - -6?
-441
In base 11, what is 3 + 107?
10a
In base 14, what is 0 - -5?
5
In base 2, what is 1100 - -11?
1111
In base 16, what is -21a + -5?
-21f
In base 3, what is -200 - -2112100?
2111200
In base 13, what is -2 + 199?
197
In base 2, what is -10001 + 10111?
110
In base 13, what is -3 - 2c?
-32
In base 3, what is -2011 + -2?
-2020
In base 14, what is -19 + 2a?
11
In base 7, what is 43 - -4?
50
In base 15, what is -107 - 7?
-10e
In base 15, what is -e - -5?
-9
In base 14, what is 0 - 32?
-32
In base 7, what is 1422 - 4?
1415
In base 8, what is -511 + 10?
-501
In base 4, what is 10322233 - 2?
10322231
In base 5, what is 114 - -2?
121
In base 16, what is 102 - 3?
ff
In base 3, what is 2101 + -1?
2100
In base 10, what is -162 + 7?
-155
In base 11, what is 65 + -4?
61
In base 13, what is -5 - cc?
-104
In base 4, what is 33133 + -2?
33131
In base 12, what is -1 - -34?
33
In base 13, what is -6 + 45?
3c
In base 10, what is 8122 + -3?
8119
In base 16, what is -4 - 1588?
-158c
In base 7, what is -21 + 236?
215
In base 2, what is -1001111111100 + -100?
-1010000000000
In base 9, what is 126 - -3?
130
In base 4, what is 30132 + 13?
30211
In base 5, what is 2 + -4343?
-4341
In base 11, what is -288 - -5?
-283
In base 3, what is -111110 + 10?
-111100
In base 16, what is 18f + -6?
189
In base 11, what is -8a + -a?
-99
In base 4, what is 11 - -10111?
10122
In base 15, what is 6 + -111?
-10a
In base 10, what is -3960 - 4?
-3964
In base 13, what is 4 - 3278?
-3274
In base 12, what is 18 - 3a?
-22
In base 5, what is -1 + 413?
412
In base 3, what is 11222 + -10?
11212
In base 5, what is 1 - -340?
341
In base 10, what is 7 + -955?
-948
In base 8, what is 37 + -5?
32
In base 3, what is 2022 - 0?
2022
In base 10, what is -1 + 2548?
2547
In base 14, what is 4b0 - -3?
4b3
In base 10, what is -3 - 829?
-832
In base 8, what is -1077 - 3?
-1102
In base 4, what is 11 + 1000?
1011
In base 13, what is 47 + 66?
b0
In base 16, what is 0 - -2e4?
2e4
In base 10, what is -1 + 9?
8
In base 15, what is c + -3?
9
In base 7, what is 23613 + 4?
23620
In base 14, what is 31 - -1?
32
In base 13, what is 651 - 3?
64b
In base 6, what is -14 - 5?
-23
In base 15, what is -2d7 - 13?
-2ea
In base 12, what is 81 - 3?
7a
In base 7, what is -24 + 0?
-24
In base 16, what is -4 + a0?
9c
In base 3, what is -20001201 + -10?
-20001211
In base 16, what is 14f + 3?
152
In base 4, what is -3303 - 11?
-3320
In base 11, what is 9 + 41?
4a
In base 2, what is 1 - -10011101100?
10011101101
In base 2, what is 1100 + 11?
1111
In base 6, what is -1 - -4154?
4153
In base 16, what is 5 - c1f?
-c1a
In base 11, what is -3 - -197?
194
In base 9, what is -5 + -44?
-50
In base 12, what is -31a - -3?
-317
In base 16, what is 3f + -2a?
15
In base 15, what is 0 + -558?
-558
In base 14, what is 73 + -7?
6a
In base 3, what is -21 - 10001?
-10022
In base 3, what is 120112111 + -1?
120112110
In base 10, what is -6 + 3?
-3
In base 15, what is 1a + -5?
15
In base 10, what is 19251 - 0?
19251
In base 7, what is -25 - 511?
-536
In base 9, what is 75 - -16?
102
In base 2, what is -11011101 + 11?
-11011010
In base 2, what is 101 - 1?
100
In base 8, what is -10 + -215?
-225
In base 6, what is -135 + -3?
-142
In base 11, what is 1 - 44?
-43
In base 13, what is -29 - -12?
-17
In base 12, what is 1 + 11?
12
In base 14, what is 3 - -45?
48
In base 3, what is 2 + -1202122?
-1202120
In base 4, what is -11 + -2000?
-2011
In base 11, what is -19 + -80?
-99
In base 9, what is 80 - -57?
147
In base 14, what is -36 + 1?
-35
In base 10, what is 27 + -3?
24
In base 5, what is 2 - -330?
332
In base 2, what is -101 + -110101001?
-110101110
In base 4, what is -1113 + -3?
-1122
In base 14, what is -26 - -7?
-1d
In base 5, what is -22 + -1420?
-1442
In base 13, what is -9 + -17?
-23
In base 15, what is -8c - -5?
-87
In base 4, what is 101110 + -11?
101033
In base 3, what is -101010 + 12?
-100221
In base 14, what is 4 - -12a8?
12ac
In base 15, what is -29 + e?
-1a
In base 9, what is 5 - -1476?
1482
In base 8, what is -5 - -73?
66
In base 15, what is -6b - e?
-7a
In base 2, what is -100010111 - -10?
-100010101
In base 14, what is 1 + 358?
359
In base 4, what is 20 + -22?
-2
In base 6, what is -11 - -102?
51
In base 15, what is 20e + -5?
209
In base 12, what is -a9 + 5?
-a4
In base 13, what is b - -44?
52
In base 5, what is -22310 - -2?
-22303
In base 16, what is 8a + 5?
8f
In base 10, what is 10 + 125?
135
In base 12, what is -33 - -14?
-1b
In base 9, what is -1 - 41?
-42
In base 10, what is 12 + -68?
-56
In base 13, what is 0 + -2a8?
-2a8
In base 6, what is -5 + 14?
5
In base 3, what is -2221 + -11002?
-21000
In base 5, what is -10 - -124?
114
In base 16, what is -1a8 + 39?
-16f
In base 12, what is -5 + 3a6?
3a1
In base 7, what is -3 + -305?
-311
In base 3, what is -2 + -101211?
-101220
In base 11, what is -5 - -35?
30
In base 11, what is 1 - 440?
-43a
In base 11, what is -5a - -6?
-54
In base 3, what is 122 - -110?
1002
In base 15, what is -2 - da?
-dc
In base 16, what is 25 + -5?
20
In base 12, what is 1 - 1?
0
In base 6, what is 32 + 344?
420
In base 16, what is 40 + -35?
b
In base 14, what is 94 - -9?
9d
In base 12, what is 33 + -5?
2a
In base 2, what is 10110110001 + -1?
10110110000
In base 3, what is -221 + 1000?
2
In base 6, what is 13 + 331?
344
In base 3, what is 121100 - 20?
121010
In base 10, what is 4 + 127?
131
In base 7, what is 2263 + 4?
2300
In base 2, what is 1 - 10100010011?
-10100010010
In base 4, what is -11 + 1320?
1303
In base 12, what is 4 + 285?
289
In base 11, what is 35 - 12?
23
In base 2, what is 111 + -1000111000?
-1000110001
In base 8, what is 5372 - 5?
5365
In base 5, what is 232 + -11?
221
In base 12, what is 0 - -5a?
5a
In base 5, what is 10234 + 0?
10234
In base 7, what is 0 + -50?
-50
In base 15, what is -73 + -1?
-74
In base 7, what is 2 - 1146?
-1144
In base 5, what is 4012 - -10?
4022
In base 3, what is 10202120 - 2?
10202111
In base 3, what is 12 - 1021?
-1002
In base 10, what is -220 + 2?
-218
In base 8, what is 7115 + 2?
7117
In base 13, what is 1249 + 2?
124b
In base 11, what is 34 - -59?
92
In base 4, what is -10 + -13010?
-13020
In base 12, what is -3 + a8?
a5
In base 11, what is 2